{"id":2756,"date":"2021-12-02T17:00:15","date_gmt":"2021-12-02T16:00:15","guid":{"rendered":"https:\/\/schutzmasken.ch\/schutzmasken-shop-copy\/"},"modified":"2026-02-06T13:58:17","modified_gmt":"2026-02-06T12:58:17","slug":"schutzmasken-shop","status":"publish","type":"page","link":"https:\/\/schutzmasken.ch\/fr\/","title":{"rendered":"Schutzmasken  Shop SEO"},"content":{"rendered":"<p class=\"qtranxs-available-languages-message qtranxs-available-languages-message-fr\">D\u00e9sol\u00e9, cet article est seulement disponible en <a href=\"https:\/\/schutzmasken.ch\/de\/wp-json\/wp\/v2\/pages\/2756\" class=\"qtranxs-available-language-link qtranxs-available-language-link-de\" title=\"Deutsch\">Allemand<\/a>, <a href=\"https:\/\/schutzmasken.ch\/en\/wp-json\/wp\/v2\/pages\/2756\" class=\"qtranxs-available-language-link qtranxs-available-language-link-en\" title=\"English\">Anglais Am\u00e9ricain<\/a> et <a href=\"https:\/\/schutzmasken.ch\/it\/wp-json\/wp\/v2\/pages\/2756\" class=\"qtranxs-available-language-link qtranxs-available-language-link-it\" title=\"Italiano\">Italien<\/a>.<\/p>","protected":false},"excerpt":{"rendered":"<p>D\u00e9sol\u00e9, cet article est seulement disponible en Allemand, Anglais Am\u00e9ricain et Italien.<\/p>\n","protected":false},"author":1,"featured_media":0,"parent":0,"menu_order":9,"comment_status":"closed","ping_status":"closed","template":"","meta":{"footnotes":""},"_links":{"self":[{"href":"https:\/\/schutzmasken.ch\/fr\/wp-json\/wp\/v2\/pages\/2756"}],"collection":[{"href":"https:\/\/schutzmasken.ch\/fr\/wp-json\/wp\/v2\/pages"}],"about":[{"href":"https:\/\/schutzmasken.ch\/fr\/wp-json\/wp\/v2\/types\/page"}],"author":[{"embeddable":true,"href":"https:\/\/schutzmasken.ch\/fr\/wp-json\/wp\/v2\/users\/1"}],"replies":[{"embeddable":true,"href":"https:\/\/schutzmasken.ch\/fr\/wp-json\/wp\/v2\/comments?post=2756"}],"version-history":[{"count":1,"href":"https:\/\/schutzmasken.ch\/fr\/wp-json\/wp\/v2\/pages\/2756\/revisions"}],"predecessor-version":[{"id":61281,"href":"https:\/\/schutzmasken.ch\/fr\/wp-json\/wp\/v2\/pages\/2756\/revisions\/61281"}],"wp:attachment":[{"href":"https:\/\/schutzmasken.ch\/fr\/wp-json\/wp\/v2\/media?parent=2756"}],"curies":[{"name":"wp","href":"https:\/\/api.w.org\/{rel}","templated":true}]}}

<p class="qtranxs-available-languages-message qtranxs-available-languages-message-fr">Désolé, cet article est seulement disponible en <a href="https://schutzmasken.ch/de/wp-json/wp/v2/pages/2756" class="qtranxs-available-language-link qtranxs-available-language-link-de" title="Deutsch">Allemand</a>, <a href="https://schutzmasken.ch/en/wp-json/wp/v2/pages/2756" class="qtranxs-available-language-link qtranxs-available-language-link-en" title="English">Anglais Américain</a> et <a href="https://schutzmasken.ch/it/wp-json/wp/v2/pages/2756" class="qtranxs-available-language-link qtranxs-available-language-link-it" title="Italiano">Italien</a>.</p>

<p>Désolé, cet article est seulement disponible en Allemand, Anglais Américain et Italien.</p>
